{"id":9265,"date":"2024-11-27T19:52:25","date_gmt":"2024-11-27T16:52:25","guid":{"rendered":"https:\/\/www.makitamarket.com.tr\/site\/urun\/makita-kilic-testere-bicagi-200-mm\/"},"modified":"2026-04-06T14:47:13","modified_gmt":"2026-04-06T11:47:13","slug":"makita-kilic-testere-bicagi-200-mm","status":"publish","type":"product","link":"https:\/\/www.makitamarket.com.tr\/site\/urun\/makita-kilic-testere-bicagi-200-mm\/","title":{"rendered":"Makita B-51312 KILI\u00c7 TESTERE BI\u00c7A\u011eI 200 mm"},"content":{"rendered":"<p>\n\tPaslanmaz \u00e7elik plakalar i\u00e7in 2-4 mm aras\u0131<\/p>\n<p>\n\tPaslanmaz \u00e7elik boru i\u00e7in: 125 mm aras\u0131<\/p>\n<p>\n\t125 mm den daha k\u00fc\u00e7\u00fck \u00e7aplarda elyaf yal\u0131t\u0131m malzemesi kesim yap\u0131l\u0131r.<\/p>\n<table>\n<tr>\n<td>Uzunluk<\/td>\n<td>200 mm<\/td>\n<\/tr>\n<tr>\n<td>\u0130nch Ba\u015f\u0131 Di\u015f<\/td>\n<td>18<\/td>\n<\/tr>\n<tr>\n<td>B\u0131\u00e7ak Materyali<\/td>\n<td>TC\/HM<\/td>\n<\/tr>\n<\/table>\n","protected":false},"excerpt":{"rendered":"<p>\n\tPaslanmaz \u00e7elik plakalar i\u00e7in 2-4 mm aras\u0131<\/p>\n<p>\n\tPaslanmaz \u00e7elik boru i\u00e7in: 125 mm aras\u0131<\/p>\n<p>\n\t125 mm den daha k\u00fc\u00e7\u00fck \u00e7aplarda elyaf yal\u0131t\u0131m malzemesi kesim yap\u0131l\u0131r.<\/p>\n","protected":false},"featured_media":13949,"comment_status":"open","ping_status":"closed","template":"","meta":{"_acf_changed":false},"product_brand":[1485],"product_cat":[1277],"product_tag":[],"class_list":{"0":"post-9265","1":"product","2":"type-product","3":"status-publish","4":"has-post-thumbnail","6":"product_brand-makita","7":"product_cat-paslanmaz-kesim-kilic-testere-bicaklari","9":"first","10":"instock","11":"taxable","12":"shipping-taxable","13":"purchasable","14":"product-type-simple","15":"add-to-wishlist-after_add_to_cart"},"acf":[],"_links":{"self":[{"href":"https:\/\/www.makitamarket.com.tr\/site\/wp-json\/wp\/v2\/product\/9265","targetHints":{"allow":["GET"]}}],"collection":[{"href":"https:\/\/www.makitamarket.com.tr\/site\/wp-json\/wp\/v2\/product"}],"about":[{"href":"https:\/\/www.makitamarket.com.tr\/site\/wp-json\/wp\/v2\/types\/product"}],"replies":[{"embeddable":true,"href":"https:\/\/www.makitamarket.com.tr\/site\/wp-json\/wp\/v2\/comments?post=9265"}],"wp:featuredmedia":[{"embeddable":true,"href":"https:\/\/www.makitamarket.com.tr\/site\/wp-json\/wp\/v2\/media\/13949"}],"wp:attachment":[{"href":"https:\/\/www.makitamarket.com.tr\/site\/wp-json\/wp\/v2\/media?parent=9265"}],"wp:term":[{"taxonomy":"product_brand","embeddable":true,"href":"https:\/\/www.makitamarket.com.tr\/site\/wp-json\/wp\/v2\/product_brand?post=9265"},{"taxonomy":"product_cat","embeddable":true,"href":"https:\/\/www.makitamarket.com.tr\/site\/wp-json\/wp\/v2\/product_cat?post=9265"},{"taxonomy":"product_tag","embeddable":true,"href":"https:\/\/www.makitamarket.com.tr\/site\/wp-json\/wp\/v2\/product_tag?post=9265"}],"curies":[{"name":"wp","href":"https:\/\/api.w.org\/{rel}","templated":true}]}}