{"id":9267,"date":"2024-11-27T19:52:25","date_gmt":"2024-11-27T16:52:25","guid":{"rendered":"https:\/\/www.makitamarket.com.tr\/site\/urun\/biglift-80-cm-kisa-transpalet\/"},"modified":"2026-04-06T12:45:39","modified_gmt":"2026-04-06T09:45:39","slug":"biglift-80-cm-kisa-transpalet","status":"publish","type":"product","link":"https:\/\/www.makitamarket.com.tr\/site\/urun\/biglift-80-cm-kisa-transpalet\/","title":{"rendered":"Biglift RM-DF80 80 CM KISA TRANSPALET"},"content":{"rendered":"<p>80 cm k\u0131sa transpalet, kompakt yap\u0131s\u0131 ve y\u00fcksek ta\u015f\u0131ma kapasitesi ile dar alanlarda \u00e7al\u0131\u015fanlar i\u00e7in ideal bir \u00e7\u00f6z\u00fcmd\u00fcr.<\/p>\n<p>Hem k\u00fc\u00e7\u00fck hem de a\u011f\u0131r y\u00fckleri ta\u015f\u0131mada verimlilik sa\u011flayarak, \u00f6zellikle s\u0131n\u0131rl\u0131 alanlarda dar koridorlar veya k\u00fc\u00e7\u00fck depolarda \u00e7al\u0131\u015fmay\u0131 kolayla\u015ft\u0131r\u0131r.<\/p>\n<table>\n<tr>\n<td>Kald\u0131rma Kapasitesi<\/td>\n<td>2000<\/td>\n<\/tr>\n<tr>\n<td>Min \u00c7atal Y\u00fcksekli\u011fi<\/td>\n<td>75<\/td>\n<\/tr>\n<tr>\n<td>Max \u00c7atal Y\u00fcksekli\u011fi<\/td>\n<td>190<\/td>\n<\/tr>\n<tr>\n<td>Y\u00f6n Tekerle\u011fi<\/td>\n<td>180&#215;50<\/td>\n<\/tr>\n<tr>\n<td>Y\u00fck Tekerle\u011fi<\/td>\n<td>74&#215;70<\/td>\n<\/tr>\n<tr>\n<td>\u00c7atal \u00d6l\u00e7\u00fcs\u00fc<\/td>\n<td>160&#215;60<\/td>\n<\/tr>\n<tr>\n<td>\u00c7atal Boyu<\/td>\n<td>800<\/td>\n<\/tr>\n<tr>\n<td>\u00c7atal Geni\u015fli\u011fi<\/td>\n<td>540<\/td>\n<\/tr>\n<\/table>\n","protected":false},"excerpt":{"rendered":"<p>80 cm k\u0131sa transpalet, kompakt yap\u0131s\u0131 ve y\u00fcksek ta\u015f\u0131ma kapasitesi ile dar alanlarda \u00e7al\u0131\u015fanlar i\u00e7in ideal bir \u00e7\u00f6z\u00fcmd\u00fcr.<\/p>\n<p>Hem k\u00fc\u00e7\u00fck hem de a\u011f\u0131r y\u00fckleri ta\u015f\u0131mada verimlilik sa\u011flayarak, \u00f6zellikle s\u0131n\u0131rl\u0131 alanlarda dar koridorlar veya k\u00fc\u00e7\u00fck depolarda \u00e7al\u0131\u015fmay\u0131 kolayla\u015ft\u0131r\u0131r.<\/p>\n","protected":false},"featured_media":9266,"comment_status":"open","ping_status":"closed","template":"","meta":{"_acf_changed":false},"product_brand":[1490],"product_cat":[746],"product_tag":[],"class_list":{"0":"post-9267","1":"product","2":"type-product","3":"status-publish","4":"has-post-thumbnail","6":"product_brand-biglift","7":"product_cat-transpaletler","9":"first","10":"outofstock","11":"taxable","12":"shipping-taxable","13":"purchasable","14":"product-type-simple","15":"add-to-wishlist-after_add_to_cart"},"acf":[],"_links":{"self":[{"href":"https:\/\/www.makitamarket.com.tr\/site\/wp-json\/wp\/v2\/product\/9267","targetHints":{"allow":["GET"]}}],"collection":[{"href":"https:\/\/www.makitamarket.com.tr\/site\/wp-json\/wp\/v2\/product"}],"about":[{"href":"https:\/\/www.makitamarket.com.tr\/site\/wp-json\/wp\/v2\/types\/product"}],"replies":[{"embeddable":true,"href":"https:\/\/www.makitamarket.com.tr\/site\/wp-json\/wp\/v2\/comments?post=9267"}],"wp:featuredmedia":[{"embeddable":true,"href":"https:\/\/www.makitamarket.com.tr\/site\/wp-json\/wp\/v2\/media\/9266"}],"wp:attachment":[{"href":"https:\/\/www.makitamarket.com.tr\/site\/wp-json\/wp\/v2\/media?parent=9267"}],"wp:term":[{"taxonomy":"product_brand","embeddable":true,"href":"https:\/\/www.makitamarket.com.tr\/site\/wp-json\/wp\/v2\/product_brand?post=9267"},{"taxonomy":"product_cat","embeddable":true,"href":"https:\/\/www.makitamarket.com.tr\/site\/wp-json\/wp\/v2\/product_cat?post=9267"},{"taxonomy":"product_tag","embeddable":true,"href":"https:\/\/www.makitamarket.com.tr\/site\/wp-json\/wp\/v2\/product_tag?post=9267"}],"curies":[{"name":"wp","href":"https:\/\/api.w.org\/{rel}","templated":true}]}}