{"id":9377,"date":"2024-11-27T19:53:19","date_gmt":"2024-11-27T16:53:19","guid":{"rendered":"https:\/\/www.makitamarket.com.tr\/site\/urun\/knipex-cok-fonksiyonel-papuc-ve-yuksuk-sikma-250-mm\/"},"modified":"2026-03-30T07:34:18","modified_gmt":"2026-03-30T04:34:18","slug":"knipex-cok-fonksiyonel-papuc-ve-yuksuk-sikma-250-mm","status":"publish","type":"product","link":"https:\/\/www.makitamarket.com.tr\/site\/urun\/knipex-cok-fonksiyonel-papuc-ve-yuksuk-sikma-250-mm\/","title":{"rendered":"Knipex 973301 \u00c7OK FONKS\u0130YONEL PAPU\u00c7 VE Y\u00dcKS\u00dcK SIKMA 250 mm"},"content":{"rendered":"<p><b>97 33 01 KNIPEX MultiCrimp\u00ae<\/b><br \/>S\u0131k kullan\u0131lan s\u0131kma profilleri i\u00e7in tek pense. S\u0131kma \u00e7eneleri herhangi bir ek alet gerekmeden h\u0131zl\u0131 ve basit \u015fekilde de\u011fi\u015ftirilir. De\u011fi\u015ftirilebilir kal\u0131plar bir yuvarlak kal\u0131p muhafazas\u0131 i\u00e7inde g\u00fcvenli ve korumal\u0131 \u015fekilde muhafaza edilmesi. Profesyonel kalitede konforlu, g\u00fc\u00e7l\u00fc s\u0131k\u0131\u015ft\u0131rma pensesi. Ayn\u0131 sabit monte edilmi\u015f s\u0131kma elemanlar\u0131nda oldu\u011fu gibi g\u00fcvenli s\u0131kma sonu\u00e7lar\u0131. Y\u00fcksek kilitleme, s\u0131kma mekanizmas\u0131 sayesinde;kolay s\u0131kma yap\u0131l\u0131labilir <\/p>\n<li><b>Uygulama: <\/b>\u0130zolesiz a\u00e7\u0131k soket konekt\u00f6r\u00fc (4,8 + 6,3 mm faston tip)<\/li>\n<li><b>Kapasite milimetrekare: <\/b>0,25 \u2014 6,0 mm\u00b2<\/li>\n<li><b>Yuva say\u0131s\u0131: <\/b>3<\/li>\n<li><b>AWG: <\/b>20 \u2014 10 <\/li>\n<table><\/table>\n","protected":false},"excerpt":{"rendered":"<p><b>97 33 01 KNIPEX MultiCrimp\u00ae<\/b><br \/>S\u0131k kullan\u0131lan s\u0131kma profilleri i\u00e7in tek pense. S\u0131kma \u00e7eneleri herhangi bir ek alet gerekmeden h\u0131zl\u0131 ve basit \u015fekilde de\u011fi\u015ftirilir. De\u011fi\u015ftirilebilir kal\u0131plar bir yuvarlak kal\u0131p muhafazas\u0131 i\u00e7inde g\u00fcvenli ve korumal\u0131 \u015fekilde muhafaza edilmesi. Profesyonel kalitede konforlu, g\u00fc\u00e7l\u00fc s\u0131k\u0131\u015ft\u0131rma pensesi. Ayn\u0131 sabit monte edilmi\u015f s\u0131kma elemanlar\u0131nda oldu\u011fu gibi g\u00fcvenli s\u0131kma sonu\u00e7lar\u0131. Y\u00fcksek kilitleme, s\u0131kma mekanizmas\u0131 sayesinde;kolay s\u0131kma yap\u0131l\u0131labilir <\/p>\n<li><b>Uygulama: <\/b>\u0130zolesiz a\u00e7\u0131k soket konekt\u00f6r\u00fc (4,8 + 6,3 mm faston tip)<\/li>\n<li><b>Kapasite milimetrekare: <\/b>0,25 \u2014 6,0 mm\u00b2<\/li>\n<li><b>Yuva say\u0131s\u0131: <\/b>3<\/li>\n<li><b>AWG: <\/b>20 \u2014 10 <\/li>\n","protected":false},"featured_media":9690,"comment_status":"open","ping_status":"closed","template":"","meta":{"_acf_changed":false},"product_brand":[1486],"product_cat":[852],"product_tag":[],"class_list":{"0":"post-9377","1":"product","2":"type-product","3":"status-publish","4":"has-post-thumbnail","6":"product_brand-knipex","7":"product_cat-kablo-yuksuk-ve-pabuc-sikmalar","9":"first","10":"instock","11":"taxable","12":"shipping-taxable","13":"purchasable","14":"product-type-simple","15":"add-to-wishlist-after_add_to_cart"},"acf":[],"_links":{"self":[{"href":"https:\/\/www.makitamarket.com.tr\/site\/wp-json\/wp\/v2\/product\/9377","targetHints":{"allow":["GET"]}}],"collection":[{"href":"https:\/\/www.makitamarket.com.tr\/site\/wp-json\/wp\/v2\/product"}],"about":[{"href":"https:\/\/www.makitamarket.com.tr\/site\/wp-json\/wp\/v2\/types\/product"}],"replies":[{"embeddable":true,"href":"https:\/\/www.makitamarket.com.tr\/site\/wp-json\/wp\/v2\/comments?post=9377"}],"wp:featuredmedia":[{"embeddable":true,"href":"https:\/\/www.makitamarket.com.tr\/site\/wp-json\/wp\/v2\/media\/9690"}],"wp:attachment":[{"href":"https:\/\/www.makitamarket.com.tr\/site\/wp-json\/wp\/v2\/media?parent=9377"}],"wp:term":[{"taxonomy":"product_brand","embeddable":true,"href":"https:\/\/www.makitamarket.com.tr\/site\/wp-json\/wp\/v2\/product_brand?post=9377"},{"taxonomy":"product_cat","embeddable":true,"href":"https:\/\/www.makitamarket.com.tr\/site\/wp-json\/wp\/v2\/product_cat?post=9377"},{"taxonomy":"product_tag","embeddable":true,"href":"https:\/\/www.makitamarket.com.tr\/site\/wp-json\/wp\/v2\/product_tag?post=9377"}],"curies":[{"name":"wp","href":"https:\/\/api.w.org\/{rel}","templated":true}]}}