{"id":9421,"date":"2024-11-27T19:53:40","date_gmt":"2024-11-27T16:53:40","guid":{"rendered":"https:\/\/www.makitamarket.com.tr\/site\/urun\/clipper-norton-clipper-silencio-28997-fs-beton-350mm-testere\/"},"modified":"2026-04-13T19:20:51","modified_gmt":"2026-04-13T16:20:51","slug":"clipper-norton-clipper-silencio-28997-fs-beton-350mm-testere","status":"publish","type":"product","link":"https:\/\/www.makitamarket.com.tr\/site\/urun\/clipper-norton-clipper-silencio-28997-fs-beton-350mm-testere\/","title":{"rendered":"Clipper 28997 NORTON CLIPPER SILENCIO 28997 FS BETON 350mm TESTERE"},"content":{"rendered":"<p>\n\tKonut alanlar\u0131, \u015fehir merkezleri, okullar ve hastaneler en \u00e7ok g\u00fcr\u00fclt\u00fc duyarl\u0131l\u0131\u011f\u0131 bulunan b\u00f6lgeler olarak g\u00f6r\u00fclmekte ve bu alanlarda g\u00fcr\u00fclt\u00fc seviyesi a\u015f\u0131m\u0131n\u0131 engelleyici bir \u00e7ok yerel y\u00f6netmelik uygulanmaktad\u0131r.<\/p>\n<p>\n\t15 mm &#8216; ye kadar y\u00fcksek segmentler ve her uygulama i\u00e7in \u00f6zel sipari\u015f \u00f6zellikleri ile Norton Silencio en sessiz elmas kesme diskimizdir.<\/p>\n<p>\n\tNorton Silencio, beton, betonarme, granit ve yap\u0131 malzemeleri \u00fczerinde kullan\u0131ld\u0131\u011f\u0131nda geleneksel b\u0131\u00e7aklara k\u0131yasla g\u00fcr\u00fclt\u00fcy\u00fc 30 kata kadar (-15 dB) azaltarak h\u0131zl\u0131 ve etkin bir kesim sa\u011flar.<\/p>\n<p>\n\tBir g\u00fcr\u00fclt\u00fc emici tabaka iki metal levha aras\u0131na sandvi\u00e7leme tekni\u011fi ile s\u0131k\u0131\u015ft\u0131r\u0131lm\u0131\u015ft\u0131r; b\u00f6ylece kesme titre\u015fimleri ve \u00fcr\u00fcn\u00fcn \u00e7al\u0131\u015fma g\u00fcr\u00fclt\u00fcs\u00fc s\u00f6n\u00fcmlenir.<\/p>\n<p>\n\tPatentli &#8216;ofset kanallar&#8217; elmas kesme diskinin etraf\u0131nda sesli hava ak\u0131m\u0131 olu\u015fumunu engeller.<\/p>\n<p>\n\tHer bir kesme diski, belirli bir makine uygulamas\u0131nda g\u00fcr\u00fclt\u00fcy\u00fc m\u00fcmk\u00fcn oldu\u011funca azaltmak ve kesme performans\u0131n\u0131 art\u0131rmak i\u00e7in ince ayarlanm\u0131\u015ft\u0131r.<\/p>\n<table>\n<tr>\n<td>\u00c7ap<\/td>\n<td>350 FS<\/td>\n<\/tr>\n<tr>\n<td>Merkez<\/td>\n<td>25,4mm<\/td>\n<\/tr>\n<tr>\n<td>Segman (Y\/G-mm)<\/td>\n<td>15\/3.1 mm<\/td>\n<\/tr>\n<tr>\n<td>Performans<\/td>\n<td>4 y\u0131ld\u0131z<\/td>\n<\/tr>\n<\/table>\n","protected":false},"excerpt":{"rendered":"<p>\n\tKonut alanlar\u0131, \u015fehir merkezleri, okullar ve hastaneler en \u00e7ok g\u00fcr\u00fclt\u00fc duyarl\u0131l\u0131\u011f\u0131 bulunan b\u00f6lgeler olarak g\u00f6r\u00fclmekte ve bu alanlarda g\u00fcr\u00fclt\u00fc seviyesi a\u015f\u0131m\u0131n\u0131 engelleyici bir \u00e7ok yerel y\u00f6netmelik uygulanmaktad\u0131r.<\/p>\n<p>\n\t15 mm &#8216; ye kadar y\u00fcksek segmentler ve her uygulama i\u00e7in \u00f6zel sipari\u015f \u00f6zellikleri ile Norton Silencio en sessiz elmas kesme diskimizdir.<\/p>\n<p>\n\tNorton Silencio, beton, betonarme, granit ve yap\u0131 malzemeleri \u00fczerinde kullan\u0131ld\u0131\u011f\u0131nda geleneksel b\u0131\u00e7aklara k\u0131yasla g\u00fcr\u00fclt\u00fcy\u00fc 30 kata kadar (-15 dB) azaltarak h\u0131zl\u0131 ve etkin bir kesim sa\u011flar.<\/p>\n<p>\n\tBir g\u00fcr\u00fclt\u00fc emici tabaka iki metal levha aras\u0131na sandvi\u00e7leme tekni\u011fi ile s\u0131k\u0131\u015ft\u0131r\u0131lm\u0131\u015ft\u0131r; b\u00f6ylece kesme titre\u015fimleri ve \u00fcr\u00fcn\u00fcn \u00e7al\u0131\u015fma g\u00fcr\u00fclt\u00fcs\u00fc s\u00f6n\u00fcmlenir.<\/p>\n<p>\n\tPatentli &#8216;ofset kanallar&#8217; elmas kesme diskinin etraf\u0131nda sesli hava ak\u0131m\u0131 olu\u015fumunu engeller.<\/p>\n<p>\n\tHer bir kesme diski, belirli bir makine uygulamas\u0131nda g\u00fcr\u00fclt\u00fcy\u00fc m\u00fcmk\u00fcn oldu\u011funca azaltmak ve kesme performans\u0131n\u0131 art\u0131rmak i\u00e7in ince ayarlanm\u0131\u015ft\u0131r.<\/p>\n","protected":false},"featured_media":9420,"comment_status":"open","ping_status":"closed","template":"","meta":{"_acf_changed":false},"product_brand":[1497],"product_cat":[1565],"product_tag":[],"class_list":{"0":"post-9421","1":"product","2":"type-product","3":"status-publish","4":"has-post-thumbnail","6":"product_brand-clipper","7":"product_cat-yok-yok","9":"first","10":"instock","11":"taxable","12":"shipping-taxable","13":"purchasable","14":"product-type-simple","15":"add-to-wishlist-after_add_to_cart"},"acf":[],"_links":{"self":[{"href":"https:\/\/www.makitamarket.com.tr\/site\/wp-json\/wp\/v2\/product\/9421","targetHints":{"allow":["GET"]}}],"collection":[{"href":"https:\/\/www.makitamarket.com.tr\/site\/wp-json\/wp\/v2\/product"}],"about":[{"href":"https:\/\/www.makitamarket.com.tr\/site\/wp-json\/wp\/v2\/types\/product"}],"replies":[{"embeddable":true,"href":"https:\/\/www.makitamarket.com.tr\/site\/wp-json\/wp\/v2\/comments?post=9421"}],"wp:featuredmedia":[{"embeddable":true,"href":"https:\/\/www.makitamarket.com.tr\/site\/wp-json\/wp\/v2\/media\/9420"}],"wp:attachment":[{"href":"https:\/\/www.makitamarket.com.tr\/site\/wp-json\/wp\/v2\/media?parent=9421"}],"wp:term":[{"taxonomy":"product_brand","embeddable":true,"href":"https:\/\/www.makitamarket.com.tr\/site\/wp-json\/wp\/v2\/product_brand?post=9421"},{"taxonomy":"product_cat","embeddable":true,"href":"https:\/\/www.makitamarket.com.tr\/site\/wp-json\/wp\/v2\/product_cat?post=9421"},{"taxonomy":"product_tag","embeddable":true,"href":"https:\/\/www.makitamarket.com.tr\/site\/wp-json\/wp\/v2\/product_tag?post=9421"}],"curies":[{"name":"wp","href":"https:\/\/api.w.org\/{rel}","templated":true}]}}