{"id":9439,"date":"2024-11-27T19:53:49","date_gmt":"2024-11-27T16:53:49","guid":{"rendered":"https:\/\/www.makitamarket.com.tr\/site\/urun\/knipex-teleskopik-kollu-circirli-kablo-makasi-570-770-mm\/"},"modified":"2026-04-13T19:21:34","modified_gmt":"2026-04-13T16:21:34","slug":"knipex-teleskopik-kollu-circirli-kablo-makasi-570-770-mm","status":"publish","type":"product","link":"https:\/\/www.makitamarket.com.tr\/site\/urun\/knipex-teleskopik-kollu-circirli-kablo-makasi-570-770-mm\/","title":{"rendered":"Knipex 9532038 TELESKOP\u0130K KOLLU CIRCIRLI KABLO MAKASI 570 &#8211; 770 mm"},"content":{"rendered":"<p><b>95 32 038 Kablo Makas\u0131<\/b><br \/>Ayar ve a\u00e7\u0131l\u0131 teleskobik kollu kablo makas\u0131. 38 mm\u2019ye kadar kablo \u00e7aplar\u0131 i\u00e7in, optimum kol a\u00e7\u0131kl\u0131\u011f\u0131n\u0131n ayarlanmas\u0131 i\u00e7in a\u00e7\u0131l\u0131 konuma getirilebilir, dar \u00e7al\u0131\u015fma alanlar\u0131nda da \u00e7al\u0131\u015fmak i\u00e7in uygundur. Kullan\u0131m\u0131 kolay \u00e7al\u0131\u015fma mekanizmas\u0131, olduk\u00e7a hafif olmas\u0131 \u00e7al\u0131\u015fan i\u00e7in avantaj Al\u00fcminyum oval borudan ima edilmi\u015f y\u00fcksek oranda y\u00fcklenilebilir teleskobik kol; b\u00fcy\u00fck \u00e7apl\u0131 kablolar\u0131 kesmek i\u00e7in azami kol kuvvetinden faydalanmak i\u00e7in 770 mm\u2019ye kadar uzat\u0131labilir; ta\u015f\u0131ma esnas\u0131nda az yer kaplamas\u0131 i\u00e7in 570 mm\u2019ye kadar k\u00fc\u00e7\u00fclt\u00fclebilir. De\u011fi\u015ftirilebilir kesici kafa. Bak\u0131r ve al\u00fcminyum kablolarda max. \u00d8 38 mm veya max. 280 mm\u00b2 (\u00f6rne\u011fin 4 x 70 mm\u00b2 NYY) kal\u0131nl\u0131\u011fa kadar geni\u015f kesme aral\u0131\u011f\u0131. Optimize edilmi\u015f kesici geometrisi sayesinde temiz ve kolay kesim. Ayarlanabilir vidal\u0131 mafsal. <\/p>\n<li><b>Bak\u0131r kablo kesim de\u011feri, \u00e7ok telli: <\/b>280 mm\u00b2<\/li>\n<li><b>Bak\u0131r kablo kesim de\u011feri, \u00e7ok telli: <\/b>\u00d8 38 mm<\/li>\n<li><b>MCM: <\/b>550<\/li>\n<table>\n<tr>\n<td>Uzunluk<\/td>\n<td>570-770<\/td>\n<\/tr>\n<tr>\n<td>\u00c7ok \u0130letkenli Kablo<\/td>\n<td>38\u00f8mm, 280mm\u00b2<\/td>\n<\/tr>\n<tr>\n<td>A\u011f\u0131rl\u0131k<\/td>\n<td>1980 gr<\/td>\n<\/tr>\n<\/table>\n","protected":false},"excerpt":{"rendered":"<p><b>95 32 038 Kablo Makas\u0131<\/b><br \/>Ayar ve a\u00e7\u0131l\u0131 teleskobik kollu kablo makas\u0131. 38 mm\u2019ye kadar kablo \u00e7aplar\u0131 i\u00e7in, optimum kol a\u00e7\u0131kl\u0131\u011f\u0131n\u0131n ayarlanmas\u0131 i\u00e7in a\u00e7\u0131l\u0131 konuma getirilebilir, dar \u00e7al\u0131\u015fma alanlar\u0131nda da \u00e7al\u0131\u015fmak i\u00e7in uygundur. Kullan\u0131m\u0131 kolay \u00e7al\u0131\u015fma mekanizmas\u0131, olduk\u00e7a hafif olmas\u0131 \u00e7al\u0131\u015fan i\u00e7in avantaj Al\u00fcminyum oval borudan ima edilmi\u015f y\u00fcksek oranda y\u00fcklenilebilir teleskobik kol; b\u00fcy\u00fck \u00e7apl\u0131 kablolar\u0131 kesmek i\u00e7in azami kol kuvvetinden faydalanmak i\u00e7in 770 mm\u2019ye kadar uzat\u0131labilir; ta\u015f\u0131ma esnas\u0131nda az yer kaplamas\u0131 i\u00e7in 570 mm\u2019ye kadar k\u00fc\u00e7\u00fclt\u00fclebilir. De\u011fi\u015ftirilebilir kesici kafa. Bak\u0131r ve al\u00fcminyum kablolarda max. \u00d8 38 mm veya max. 280 mm\u00b2 (\u00f6rne\u011fin 4 x 70 mm\u00b2 NYY) kal\u0131nl\u0131\u011fa kadar geni\u015f kesme aral\u0131\u011f\u0131. Optimize edilmi\u015f kesici geometrisi sayesinde temiz ve kolay kesim. Ayarlanabilir vidal\u0131 mafsal. <\/p>\n<li><b>Bak\u0131r kablo kesim de\u011feri, \u00e7ok telli: <\/b>280 mm\u00b2<\/li>\n<li><b>Bak\u0131r kablo kesim de\u011feri, \u00e7ok telli: <\/b>\u00d8 38 mm<\/li>\n<li><b>MCM: <\/b>550<\/li>\n","protected":false},"featured_media":9438,"comment_status":"open","ping_status":"closed","template":"","meta":{"_acf_changed":false},"product_brand":[1486],"product_cat":[834],"product_tag":[],"class_list":{"0":"post-9439","1":"product","2":"type-product","3":"status-publish","4":"has-post-thumbnail","6":"product_brand-knipex","7":"product_cat-kablo-kesme-makaslari","9":"first","10":"instock","11":"taxable","12":"shipping-taxable","13":"purchasable","14":"product-type-simple","15":"add-to-wishlist-after_add_to_cart"},"acf":[],"_links":{"self":[{"href":"https:\/\/www.makitamarket.com.tr\/site\/wp-json\/wp\/v2\/product\/9439","targetHints":{"allow":["GET"]}}],"collection":[{"href":"https:\/\/www.makitamarket.com.tr\/site\/wp-json\/wp\/v2\/product"}],"about":[{"href":"https:\/\/www.makitamarket.com.tr\/site\/wp-json\/wp\/v2\/types\/product"}],"replies":[{"embeddable":true,"href":"https:\/\/www.makitamarket.com.tr\/site\/wp-json\/wp\/v2\/comments?post=9439"}],"wp:featuredmedia":[{"embeddable":true,"href":"https:\/\/www.makitamarket.com.tr\/site\/wp-json\/wp\/v2\/media\/9438"}],"wp:attachment":[{"href":"https:\/\/www.makitamarket.com.tr\/site\/wp-json\/wp\/v2\/media?parent=9439"}],"wp:term":[{"taxonomy":"product_brand","embeddable":true,"href":"https:\/\/www.makitamarket.com.tr\/site\/wp-json\/wp\/v2\/product_brand?post=9439"},{"taxonomy":"product_cat","embeddable":true,"href":"https:\/\/www.makitamarket.com.tr\/site\/wp-json\/wp\/v2\/product_cat?post=9439"},{"taxonomy":"product_tag","embeddable":true,"href":"https:\/\/www.makitamarket.com.tr\/site\/wp-json\/wp\/v2\/product_tag?post=9439"}],"curies":[{"name":"wp","href":"https:\/\/api.w.org\/{rel}","templated":true}]}}