{"id":9587,"date":"2024-11-27T19:55:06","date_gmt":"2024-11-27T16:55:06","guid":{"rendered":"https:\/\/www.makitamarket.com.tr\/site\/urun\/bea-bea-sk-335-201-basli-civi-cakma-tabancasi\/"},"modified":"2026-04-06T12:49:40","modified_gmt":"2026-04-06T09:49:40","slug":"bea-bea-sk-335-201-basli-civi-cakma-tabancasi","status":"publish","type":"product","link":"https:\/\/www.makitamarket.com.tr\/site\/urun\/bea-bea-sk-335-201-basli-civi-cakma-tabancasi\/","title":{"rendered":"Bea SK335-201 BEA SK 335 &#8211; 201 BA\u015eLI \u00c7\u0130V\u0130 \u00c7AKMA TABANCASI"},"content":{"rendered":"<div>\n\t\u2022 Mobilya imalat\u0131\u00a0<\/div>\n<div>\n\t\u2022 Paketleme<\/div>\n<div>\n\t\u2022 Marangozluk<\/div>\n<table>\n<tr>\n<td>Z\u0131mba Teli<\/td>\n<td>SK 300 tipi 10-35mm. ayak uzunlu\u011fu yar\u0131m ba\u015fl\u0131 \u00e7ivi<\/td>\n<\/tr>\n<tr>\n<td>\u00c7al\u0131\u015fma Bas\u0131nc\u0131<\/td>\n<td>4-8 BAR<\/td>\n<\/tr>\n<tr>\n<td>Magazin Tipi<\/td>\n<td>Yandan doldurma<\/td>\n<\/tr>\n<tr>\n<td>Magazin Kapasitesi<\/td>\n<td>100<\/td>\n<\/tr>\n<tr>\n<td>A\u011f\u0131rl\u0131k<\/td>\n<td>1.0 kg<\/td>\n<\/tr>\n<\/table>\n","protected":false},"excerpt":{"rendered":"<div>\n\t\u2022 Mobilya imalat\u0131\u00a0<\/div>\n<div>\n\t\u2022 Paketleme<\/div>\n<div>\n\t\u2022 Marangozluk<\/div>\n","protected":false},"featured_media":9586,"comment_status":"open","ping_status":"closed","template":"","meta":{"_acf_changed":false},"product_brand":[1508],"product_cat":[788],"product_tag":[],"class_list":{"0":"post-9587","1":"product","2":"type-product","3":"status-publish","4":"has-post-thumbnail","6":"product_brand-bea","7":"product_cat-havali-civi-cakma-tabancalari","9":"first","10":"instock","11":"taxable","12":"shipping-taxable","13":"purchasable","14":"product-type-simple","15":"add-to-wishlist-after_add_to_cart"},"acf":[],"_links":{"self":[{"href":"https:\/\/www.makitamarket.com.tr\/site\/wp-json\/wp\/v2\/product\/9587","targetHints":{"allow":["GET"]}}],"collection":[{"href":"https:\/\/www.makitamarket.com.tr\/site\/wp-json\/wp\/v2\/product"}],"about":[{"href":"https:\/\/www.makitamarket.com.tr\/site\/wp-json\/wp\/v2\/types\/product"}],"replies":[{"embeddable":true,"href":"https:\/\/www.makitamarket.com.tr\/site\/wp-json\/wp\/v2\/comments?post=9587"}],"wp:featuredmedia":[{"embeddable":true,"href":"https:\/\/www.makitamarket.com.tr\/site\/wp-json\/wp\/v2\/media\/9586"}],"wp:attachment":[{"href":"https:\/\/www.makitamarket.com.tr\/site\/wp-json\/wp\/v2\/media?parent=9587"}],"wp:term":[{"taxonomy":"product_brand","embeddable":true,"href":"https:\/\/www.makitamarket.com.tr\/site\/wp-json\/wp\/v2\/product_brand?post=9587"},{"taxonomy":"product_cat","embeddable":true,"href":"https:\/\/www.makitamarket.com.tr\/site\/wp-json\/wp\/v2\/product_cat?post=9587"},{"taxonomy":"product_tag","embeddable":true,"href":"https:\/\/www.makitamarket.com.tr\/site\/wp-json\/wp\/v2\/product_tag?post=9587"}],"curies":[{"name":"wp","href":"https:\/\/api.w.org\/{rel}","templated":true}]}}