{"id":9654,"date":"2024-11-27T19:55:41","date_gmt":"2024-11-27T16:55:41","guid":{"rendered":"https:\/\/www.makitamarket.com.tr\/site\/urun\/proxxon-endustriyel-61-parcali-cok-amacli-el-aleti-seti\/"},"modified":"2026-04-13T19:24:37","modified_gmt":"2026-04-13T16:24:37","slug":"proxxon-endustriyel-61-parcali-cok-amacli-el-aleti-seti","status":"publish","type":"product","link":"https:\/\/www.makitamarket.com.tr\/site\/urun\/proxxon-endustriyel-61-parcali-cok-amacli-el-aleti-seti\/","title":{"rendered":"Proxxon End\u00fcstriyel 23650 61 PAR\u00c7ALI \u00c7OK AMA\u00c7LI EL ALET\u0130 SET\u0130"},"content":{"rendered":"<div>\n\t<strong>14 par\u00e7a kombine anahtar :<\/strong>\u00a0 6-19 mm aras\u0131<\/div>\n<div>\n\t<strong>14 par\u00e7a 1\/2\u201d lokma :<\/strong> 8-24 mm aras\u0131 mm<\/div>\n<div>\n\t<strong>3 par\u00e7a buji lokma :\u00a0<\/strong> 16, 18, 21 mm<\/div>\n<div>\n\t<strong>5 par\u00e7a tornavida :<\/strong> D\u00fcz 3, 5.5, 8 mm Ph 1, 2<\/div>\n<div>\n\t<strong>16 par\u00e7a cep tipi allen ve torx tak\u0131m\u0131 :<\/strong> Allen HX1.5-8 mm aras\u0131 Torx TX9-40 aras\u0131<\/div>\n<div>\n\t<strong>Kombine pense :<\/strong> Knipex 03 02 180<\/div>\n<div>\n\t<strong>Fort pense :<\/strong> Knipex 88 01 250<\/div>\n<div>\n\t<strong>\u00c7eki\u00e7 :<\/strong> 300g Proxxon<\/div>\n<div>\n\t<strong>5 par\u00e7a aksesuar :<\/strong> 1\/2\u201d c\u0131rc\u0131r kolu, Uzatma kolu, Kayar T kol, Kardan mafsal, Otomobil test kalemi<\/div>\n<table><\/table>\n","protected":false},"excerpt":{"rendered":"<div>\n\t<strong>14 par\u00e7a kombine anahtar :<\/strong>\u00a0 6-19 mm aras\u0131<\/div>\n<div>\n\t<strong>14 par\u00e7a 1\/2\u201d lokma :<\/strong> 8-24 mm aras\u0131 mm<\/div>\n<div>\n\t<strong>3 par\u00e7a buji lokma :\u00a0<\/strong> 16, 18, 21 mm<\/div>\n<div>\n\t<strong>5 par\u00e7a tornavida :<\/strong> D\u00fcz 3, 5.5, 8 mm Ph 1, 2<\/div>\n<div>\n\t<strong>16 par\u00e7a cep tipi allen ve torx tak\u0131m\u0131 :<\/strong> Allen HX1.5-8 mm aras\u0131 Torx TX9-40 aras\u0131<\/div>\n<div>\n\t<strong>Kombine pense :<\/strong> Knipex 03 02 180<\/div>\n<div>\n\t<strong>Fort pense :<\/strong> Knipex 88 01 250<\/div>\n<div>\n\t<strong>\u00c7eki\u00e7 :<\/strong> 300g Proxxon<\/div>\n<div>\n\t<strong>5 par\u00e7a aksesuar :<\/strong> 1\/2\u201d c\u0131rc\u0131r kolu, Uzatma kolu, Kayar T kol, Kardan mafsal, Otomobil test kalemi<\/div>\n","protected":false},"featured_media":9653,"comment_status":"open","ping_status":"closed","template":"","meta":{"_acf_changed":false},"product_brand":[1529],"product_cat":[938],"product_tag":[],"class_list":{"0":"post-9654","1":"product","2":"type-product","3":"status-publish","4":"has-post-thumbnail","6":"product_brand-proxxon-endustriyel","7":"product_cat-circirli-lokma-takimlari","9":"first","10":"outofstock","11":"taxable","12":"shipping-taxable","13":"purchasable","14":"product-type-simple","15":"add-to-wishlist-after_add_to_cart"},"acf":[],"_links":{"self":[{"href":"https:\/\/www.makitamarket.com.tr\/site\/wp-json\/wp\/v2\/product\/9654","targetHints":{"allow":["GET"]}}],"collection":[{"href":"https:\/\/www.makitamarket.com.tr\/site\/wp-json\/wp\/v2\/product"}],"about":[{"href":"https:\/\/www.makitamarket.com.tr\/site\/wp-json\/wp\/v2\/types\/product"}],"replies":[{"embeddable":true,"href":"https:\/\/www.makitamarket.com.tr\/site\/wp-json\/wp\/v2\/comments?post=9654"}],"wp:featuredmedia":[{"embeddable":true,"href":"https:\/\/www.makitamarket.com.tr\/site\/wp-json\/wp\/v2\/media\/9653"}],"wp:attachment":[{"href":"https:\/\/www.makitamarket.com.tr\/site\/wp-json\/wp\/v2\/media?parent=9654"}],"wp:term":[{"taxonomy":"product_brand","embeddable":true,"href":"https:\/\/www.makitamarket.com.tr\/site\/wp-json\/wp\/v2\/product_brand?post=9654"},{"taxonomy":"product_cat","embeddable":true,"href":"https:\/\/www.makitamarket.com.tr\/site\/wp-json\/wp\/v2\/product_cat?post=9654"},{"taxonomy":"product_tag","embeddable":true,"href":"https:\/\/www.makitamarket.com.tr\/site\/wp-json\/wp\/v2\/product_tag?post=9654"}],"curies":[{"name":"wp","href":"https:\/\/api.w.org\/{rel}","templated":true}]}}