{"id":9813,"date":"2024-11-27T19:56:54","date_gmt":"2024-11-27T16:56:54","guid":{"rendered":"https:\/\/www.makitamarket.com.tr\/site\/urun\/bmi-bmi-rollfix-standart-7001995-mesafe-olcum-cihazi\/"},"modified":"2026-03-30T07:36:28","modified_gmt":"2026-03-30T04:36:28","slug":"bmi-bmi-rollfix-standart-7001995-mesafe-olcum-cihazi","status":"publish","type":"product","link":"https:\/\/www.makitamarket.com.tr\/site\/urun\/bmi-bmi-rollfix-standart-7001995-mesafe-olcum-cihazi\/","title":{"rendered":"Bmi 7001995 BMI ROLLFIX STANDART 7001995 MESAFE \u00d6L\u00c7\u00dcM C\u0130HAZI"},"content":{"rendered":"<div>\n\t\u0130leri ve geri \u00f6l\u00e7\u00fcm yapabilme \u00f6zelli\u011fi.\u00c7elik tekerli.Park ayakl\u0131<\/div>\n<table>\n<tr>\n<td>Toplam A\u011f\u0131rl\u0131k<\/td>\n<td>3.9 kg<\/td>\n<\/tr>\n<tr>\n<td>\u00d6l\u00e7\u00fcm Aral\u0131\u011f\u0131<\/td>\n<td>99,999,99m<\/td>\n<\/tr>\n<tr>\n<td>\u00c7\u00f6z\u00fcn\u00fcrl\u00fck<\/td>\n<td>1 cm<\/td>\n<\/tr>\n<tr>\n<td>Teker \u00c7ap\u0131<\/td>\n<td>318,3mm=1m \u00e7evre<\/td>\n<\/tr>\n<tr>\n<td>Toplam Y\u00fckseklik<\/td>\n<td>1090mm<\/td>\n<\/tr>\n<tr>\n<td>Tolerance<\/td>\n<td>%0,05 ten az<\/td>\n<\/tr>\n<\/table>\n","protected":false},"excerpt":{"rendered":"<div>\n\t\u0130leri ve geri \u00f6l\u00e7\u00fcm yapabilme \u00f6zelli\u011fi.\u00c7elik tekerli.Park ayakl\u0131<\/div>\n","protected":false},"featured_media":9812,"comment_status":"open","ping_status":"closed","template":"","meta":{"_acf_changed":false},"product_brand":[1522],"product_cat":[753],"product_tag":[],"class_list":{"0":"post-9813","1":"product","2":"type-product","3":"status-publish","4":"has-post-thumbnail","6":"product_brand-bmi","7":"product_cat-metreler","9":"first","10":"instock","11":"taxable","12":"shipping-taxable","13":"purchasable","14":"product-type-simple","15":"add-to-wishlist-after_add_to_cart"},"acf":[],"_links":{"self":[{"href":"https:\/\/www.makitamarket.com.tr\/site\/wp-json\/wp\/v2\/product\/9813","targetHints":{"allow":["GET"]}}],"collection":[{"href":"https:\/\/www.makitamarket.com.tr\/site\/wp-json\/wp\/v2\/product"}],"about":[{"href":"https:\/\/www.makitamarket.com.tr\/site\/wp-json\/wp\/v2\/types\/product"}],"replies":[{"embeddable":true,"href":"https:\/\/www.makitamarket.com.tr\/site\/wp-json\/wp\/v2\/comments?post=9813"}],"wp:featuredmedia":[{"embeddable":true,"href":"https:\/\/www.makitamarket.com.tr\/site\/wp-json\/wp\/v2\/media\/9812"}],"wp:attachment":[{"href":"https:\/\/www.makitamarket.com.tr\/site\/wp-json\/wp\/v2\/media?parent=9813"}],"wp:term":[{"taxonomy":"product_brand","embeddable":true,"href":"https:\/\/www.makitamarket.com.tr\/site\/wp-json\/wp\/v2\/product_brand?post=9813"},{"taxonomy":"product_cat","embeddable":true,"href":"https:\/\/www.makitamarket.com.tr\/site\/wp-json\/wp\/v2\/product_cat?post=9813"},{"taxonomy":"product_tag","embeddable":true,"href":"https:\/\/www.makitamarket.com.tr\/site\/wp-json\/wp\/v2\/product_tag?post=9813"}],"curies":[{"name":"wp","href":"https:\/\/api.w.org\/{rel}","templated":true}]}}