{"id":9847,"date":"2024-11-27T19:57:10","date_gmt":"2024-11-27T16:57:10","guid":{"rendered":"https:\/\/www.makitamarket.com.tr\/site\/urun\/big-red-mekanik-pehlivan-krikosu-5-ton\/"},"modified":"2026-04-06T12:54:45","modified_gmt":"2026-04-06T09:54:45","slug":"big-red-mekanik-pehlivan-krikosu-5-ton","status":"publish","type":"product","link":"https:\/\/www.makitamarket.com.tr\/site\/urun\/big-red-mekanik-pehlivan-krikosu-5-ton\/","title":{"rendered":"Big Red TRJ7310-5 MEKAN\u0130K PEHL\u0130VAN KR\u0130KOSU 5 TON"},"content":{"rendered":"<table>\n<tr>\n<td>Kapasite<\/td>\n<td>5 Ton<\/td>\n<\/tr>\n<tr>\n<td>Boyu<\/td>\n<td>720 mm<\/td>\n<\/tr>\n<tr>\n<td>T\u0131rnak Y\u00fcksekli\u011fi<\/td>\n<td>64 mm<\/td>\n<\/tr>\n<tr>\n<td>Maksimum Y\u00fckseklik<\/td>\n<td>300 mm<\/td>\n<\/tr>\n<tr>\n<td>A\u011f\u0131rl\u0131k<\/td>\n<td>30 kg<\/td>\n<\/tr>\n<\/table>\n","protected":false},"excerpt":{"rendered":"<p>Kapasite 5 Ton Boyu 720 mm T\u0131rnak Y\u00fcksekli\u011fi 64 mm Maksimum Y\u00fckseklik 300 mm A\u011f\u0131rl\u0131k 30 kg<\/p>\n","protected":false},"featured_media":9846,"comment_status":"open","ping_status":"closed","template":"","meta":{"_acf_changed":false},"product_brand":[1519],"product_cat":[877],"product_tag":[],"class_list":{"0":"post-9847","1":"product","2":"type-product","3":"status-publish","4":"has-post-thumbnail","6":"product_brand-big-red","7":"product_cat-krikolar","9":"first","10":"instock","11":"taxable","12":"shipping-taxable","13":"purchasable","14":"product-type-simple","15":"add-to-wishlist-after_add_to_cart"},"acf":[],"_links":{"self":[{"href":"https:\/\/www.makitamarket.com.tr\/site\/wp-json\/wp\/v2\/product\/9847","targetHints":{"allow":["GET"]}}],"collection":[{"href":"https:\/\/www.makitamarket.com.tr\/site\/wp-json\/wp\/v2\/product"}],"about":[{"href":"https:\/\/www.makitamarket.com.tr\/site\/wp-json\/wp\/v2\/types\/product"}],"replies":[{"embeddable":true,"href":"https:\/\/www.makitamarket.com.tr\/site\/wp-json\/wp\/v2\/comments?post=9847"}],"wp:featuredmedia":[{"embeddable":true,"href":"https:\/\/www.makitamarket.com.tr\/site\/wp-json\/wp\/v2\/media\/9846"}],"wp:attachment":[{"href":"https:\/\/www.makitamarket.com.tr\/site\/wp-json\/wp\/v2\/media?parent=9847"}],"wp:term":[{"taxonomy":"product_brand","embeddable":true,"href":"https:\/\/www.makitamarket.com.tr\/site\/wp-json\/wp\/v2\/product_brand?post=9847"},{"taxonomy":"product_cat","embeddable":true,"href":"https:\/\/www.makitamarket.com.tr\/site\/wp-json\/wp\/v2\/product_cat?post=9847"},{"taxonomy":"product_tag","embeddable":true,"href":"https:\/\/www.makitamarket.com.tr\/site\/wp-json\/wp\/v2\/product_tag?post=9847"}],"curies":[{"name":"wp","href":"https:\/\/api.w.org\/{rel}","templated":true}]}}