{"id":9857,"date":"2024-11-27T19:57:13","date_gmt":"2024-11-27T16:57:13","guid":{"rendered":"https:\/\/www.makitamarket.com.tr\/site\/urun\/scheppach-scheppach-bts900x-zimp-ve-tasl-motoru\/"},"modified":"2026-04-06T12:54:48","modified_gmt":"2026-04-06T09:54:48","slug":"scheppach-scheppach-bts900x-zimp-ve-tasl-motoru","status":"publish","type":"product","link":"https:\/\/www.makitamarket.com.tr\/site\/urun\/scheppach-scheppach-bts900x-zimp-ve-tasl-motoru\/","title":{"rendered":"Scheppach BTS900 SCHEPPACH BTS900X ZIMP. VE TASL. MOTORU"},"content":{"rendered":"<table>\n<tr>\n<td>\u00d6l\u00e7\u00fcler<\/td>\n<td>475*365*325<\/td>\n<\/tr>\n<tr>\n<td>Tabla \u00d6l\u00e7\u00fcleri<\/td>\n<td>215*145<\/td>\n<\/tr>\n<tr>\n<td>A\u011f\u0131rl\u0131k<\/td>\n<td>21.5<\/td>\n<\/tr>\n<tr>\n<td>Motor<\/td>\n<td>220-240\/50<\/td>\n<\/tr>\n<tr>\n<td>Motor Devri<\/td>\n<td>2.850d\/dak<\/td>\n<\/tr>\n<\/table>\n","protected":false},"excerpt":{"rendered":"<p>\u00d6l\u00e7\u00fcler 475*365*325 Tabla \u00d6l\u00e7\u00fcleri 215*145 A\u011f\u0131rl\u0131k 21.5 Motor 220-240\/50 Motor Devri 2.850d\/dak<\/p>\n","protected":false},"featured_media":0,"comment_status":"open","ping_status":"closed","template":"","meta":{"_acf_changed":false},"product_brand":[1514],"product_cat":[1565],"product_tag":[],"class_list":{"0":"post-9857","1":"product","2":"type-product","3":"status-publish","5":"product_brand-scheppach","6":"product_cat-yok-yok","8":"first","9":"instock","10":"taxable","11":"shipping-taxable","12":"purchasable","13":"product-type-simple","14":"add-to-wishlist-after_add_to_cart"},"acf":[],"_links":{"self":[{"href":"https:\/\/www.makitamarket.com.tr\/site\/wp-json\/wp\/v2\/product\/9857","targetHints":{"allow":["GET"]}}],"collection":[{"href":"https:\/\/www.makitamarket.com.tr\/site\/wp-json\/wp\/v2\/product"}],"about":[{"href":"https:\/\/www.makitamarket.com.tr\/site\/wp-json\/wp\/v2\/types\/product"}],"replies":[{"embeddable":true,"href":"https:\/\/www.makitamarket.com.tr\/site\/wp-json\/wp\/v2\/comments?post=9857"}],"wp:attachment":[{"href":"https:\/\/www.makitamarket.com.tr\/site\/wp-json\/wp\/v2\/media?parent=9857"}],"wp:term":[{"taxonomy":"product_brand","embeddable":true,"href":"https:\/\/www.makitamarket.com.tr\/site\/wp-json\/wp\/v2\/product_brand?post=9857"},{"taxonomy":"product_cat","embeddable":true,"href":"https:\/\/www.makitamarket.com.tr\/site\/wp-json\/wp\/v2\/product_cat?post=9857"},{"taxonomy":"product_tag","embeddable":true,"href":"https:\/\/www.makitamarket.com.tr\/site\/wp-json\/wp\/v2\/product_tag?post=9857"}],"curies":[{"name":"wp","href":"https:\/\/api.w.org\/{rel}","templated":true}]}}