{"id":9888,"date":"2024-11-27T19:57:38","date_gmt":"2024-11-27T16:57:38","guid":{"rendered":"https:\/\/www.makitamarket.com.tr\/site\/urun\/prosaw-beton-testere-600-c\/"},"modified":"2026-04-06T12:54:56","modified_gmt":"2026-04-06T09:54:56","slug":"prosaw-beton-testere-600-c","status":"publish","type":"product","link":"https:\/\/www.makitamarket.com.tr\/site\/urun\/prosaw-beton-testere-600-c\/","title":{"rendered":"Prosaw PS56107 BETON TESTERE 600 C"},"content":{"rendered":"<table>\n<tr>\n<td>Model<\/td>\n<td>600 C<\/td>\n<\/tr>\n<tr>\n<td>D\u0131\u015f \u00c7ap (mm)<\/td>\n<td>600<\/td>\n<\/tr>\n<tr>\n<td>Kal\u0131nl\u0131k (mm)<\/td>\n<td>4.5<\/td>\n<\/tr>\n<tr>\n<td>Elmas Y\u00fcksekli\u011fi (mm)<\/td>\n<td>10.0<\/td>\n<\/tr>\n<tr>\n<td>G\u00f6bek \u00c7ap\u0131 (mm)<\/td>\n<td>25.40<\/td>\n<\/tr>\n<\/table>\n","protected":false},"excerpt":{"rendered":"<p>Model 600 C D\u0131\u015f \u00c7ap (mm) 600 Kal\u0131nl\u0131k (mm) 4.5 Elmas Y\u00fcksekli\u011fi (mm) 10.0 G\u00f6bek \u00c7ap\u0131 (mm) 25.40<\/p>\n","protected":false},"featured_media":9887,"comment_status":"open","ping_status":"closed","template":"","meta":{"_acf_changed":false},"product_brand":[1524],"product_cat":[1011],"product_tag":[],"class_list":{"0":"post-9888","1":"product","2":"type-product","3":"status-publish","4":"has-post-thumbnail","6":"product_brand-prosaw","7":"product_cat-600mm-testereler","9":"first","10":"instock","11":"taxable","12":"shipping-taxable","13":"purchasable","14":"product-type-simple","15":"add-to-wishlist-after_add_to_cart"},"acf":[],"_links":{"self":[{"href":"https:\/\/www.makitamarket.com.tr\/site\/wp-json\/wp\/v2\/product\/9888","targetHints":{"allow":["GET"]}}],"collection":[{"href":"https:\/\/www.makitamarket.com.tr\/site\/wp-json\/wp\/v2\/product"}],"about":[{"href":"https:\/\/www.makitamarket.com.tr\/site\/wp-json\/wp\/v2\/types\/product"}],"replies":[{"embeddable":true,"href":"https:\/\/www.makitamarket.com.tr\/site\/wp-json\/wp\/v2\/comments?post=9888"}],"wp:featuredmedia":[{"embeddable":true,"href":"https:\/\/www.makitamarket.com.tr\/site\/wp-json\/wp\/v2\/media\/9887"}],"wp:attachment":[{"href":"https:\/\/www.makitamarket.com.tr\/site\/wp-json\/wp\/v2\/media?parent=9888"}],"wp:term":[{"taxonomy":"product_brand","embeddable":true,"href":"https:\/\/www.makitamarket.com.tr\/site\/wp-json\/wp\/v2\/product_brand?post=9888"},{"taxonomy":"product_cat","embeddable":true,"href":"https:\/\/www.makitamarket.com.tr\/site\/wp-json\/wp\/v2\/product_cat?post=9888"},{"taxonomy":"product_tag","embeddable":true,"href":"https:\/\/www.makitamarket.com.tr\/site\/wp-json\/wp\/v2\/product_tag?post=9888"}],"curies":[{"name":"wp","href":"https:\/\/api.w.org\/{rel}","templated":true}]}}