{"id":9935,"date":"2024-11-27T19:57:59","date_gmt":"2024-11-27T16:57:59","guid":{"rendered":"https:\/\/www.makitamarket.com.tr\/site\/urun\/max-safety-yuz-koruyucu-tel-orgu-siperlik\/"},"modified":"2026-04-06T12:56:52","modified_gmt":"2026-04-06T09:56:52","slug":"max-safety-yuz-koruyucu-tel-orgu-siperlik","status":"publish","type":"product","link":"https:\/\/www.makitamarket.com.tr\/site\/urun\/max-safety-yuz-koruyucu-tel-orgu-siperlik\/","title":{"rendered":"Max Safety SE906S Y\u00dcZ KORUYUCU TEL \u00d6RG\u00dc S\u0130PERL\u0130K"},"content":{"rendered":"<div>\n\tSteel mesh portable face shield\u00a0\u00a0\u00a0\u00a0\u00a0\u00a0\u00a0\u00a0\u00a0\u00a0\u00a0\u00a0\u00a0\u00a0\u00a0\u00a0\u00a0\u00a0\u00a0\u00a0\u00a0\u00a0\u00a0\u00a0\u00a0\u00a0\u00a0\u00a0\u00a0\u00a0\u00a0\u00a0\u00a0\u00a0\u00a0\u00a0\u00a0\u00a0\u00a0\u00a0\u00a0<\/div>\n<div>\n\tVisor can be easily installed or replaced\u00a0\u00a0\u00a0\u00a0\u00a0\u00a0\u00a0\u00a0\u00a0\u00a0\u00a0\u00a0\u00a0\u00a0\u00a0\u00a0\u00a0\u00a0\u00a0\u00a0\u00a0\u00a0\u00a0\u00a0\u00a0\u00a0\u00a0\u00a0\u00a0\u00a0\u00a0<\/div>\n<div>\n\tSuitable even for children\u00a0\u00a0<\/div>\n<div>\n\tSoft padded relief pressure point<br \/>\n\tProvides protection against foreign particles, chemical splash, heat and impact<\/div>\n<div>\n\t<strong><span style=\"font-size:14px;\"><br \/>\n\t<\/span><\/strong><\/div>\n<div>\n\t<strong><span style=\"font-size:14px;\">General Application<br \/>\n\t<\/span><\/strong><\/div>\n<div>\n\tGarden and Agricultural operations<\/div>\n<table>\n<tr>\n<td>Standards<\/td>\n<td>CE EN 1731<\/td>\n<\/tr>\n<tr>\n<td>Size<\/td>\n<td>8&#8243;x14&#8243;<\/td>\n<\/tr>\n<\/table>\n","protected":false},"excerpt":{"rendered":"<div>\n\tSteel mesh portable face shield\u00a0\u00a0\u00a0\u00a0\u00a0\u00a0\u00a0\u00a0\u00a0\u00a0\u00a0\u00a0\u00a0\u00a0\u00a0\u00a0\u00a0\u00a0\u00a0\u00a0\u00a0\u00a0\u00a0\u00a0\u00a0\u00a0\u00a0\u00a0\u00a0\u00a0\u00a0\u00a0\u00a0\u00a0\u00a0\u00a0\u00a0\u00a0\u00a0\u00a0\u00a0<\/div>\n<div>\n\tVisor can be easily installed or replaced\u00a0\u00a0\u00a0\u00a0\u00a0\u00a0\u00a0\u00a0\u00a0\u00a0\u00a0\u00a0\u00a0\u00a0\u00a0\u00a0\u00a0\u00a0\u00a0\u00a0\u00a0\u00a0\u00a0\u00a0\u00a0\u00a0\u00a0\u00a0\u00a0\u00a0\u00a0<\/div>\n<div>\n\tSuitable even for children\u00a0\u00a0<\/div>\n<div>\n\tSoft padded relief pressure point<br \/>\n\tProvides protection against foreign particles, chemical splash, heat and impact<\/div>\n<div>\n\t<strong><span style=\"font-size:14px;\"><br \/>\n\t<\/span><\/strong><\/div>\n<div>\n\t<strong><span style=\"font-size:14px;\">General Application<br \/>\n\t<\/span><\/strong><\/div>\n<div>\n\tGarden and Agricultural operations<\/div>\n","protected":false},"featured_media":9934,"comment_status":"open","ping_status":"closed","template":"","meta":{"_acf_changed":false},"product_brand":[1492],"product_cat":[711],"product_tag":[],"class_list":{"0":"post-9935","1":"product","2":"type-product","3":"status-publish","4":"has-post-thumbnail","6":"product_brand-max-safety","7":"product_cat-yuz-ve-basustu-koruyucular","9":"first","10":"outofstock","11":"taxable","12":"shipping-taxable","13":"purchasable","14":"product-type-simple","15":"add-to-wishlist-after_add_to_cart"},"acf":[],"_links":{"self":[{"href":"https:\/\/www.makitamarket.com.tr\/site\/wp-json\/wp\/v2\/product\/9935","targetHints":{"allow":["GET"]}}],"collection":[{"href":"https:\/\/www.makitamarket.com.tr\/site\/wp-json\/wp\/v2\/product"}],"about":[{"href":"https:\/\/www.makitamarket.com.tr\/site\/wp-json\/wp\/v2\/types\/product"}],"replies":[{"embeddable":true,"href":"https:\/\/www.makitamarket.com.tr\/site\/wp-json\/wp\/v2\/comments?post=9935"}],"wp:featuredmedia":[{"embeddable":true,"href":"https:\/\/www.makitamarket.com.tr\/site\/wp-json\/wp\/v2\/media\/9934"}],"wp:attachment":[{"href":"https:\/\/www.makitamarket.com.tr\/site\/wp-json\/wp\/v2\/media?parent=9935"}],"wp:term":[{"taxonomy":"product_brand","embeddable":true,"href":"https:\/\/www.makitamarket.com.tr\/site\/wp-json\/wp\/v2\/product_brand?post=9935"},{"taxonomy":"product_cat","embeddable":true,"href":"https:\/\/www.makitamarket.com.tr\/site\/wp-json\/wp\/v2\/product_cat?post=9935"},{"taxonomy":"product_tag","embeddable":true,"href":"https:\/\/www.makitamarket.com.tr\/site\/wp-json\/wp\/v2\/product_tag?post=9935"}],"curies":[{"name":"wp","href":"https:\/\/api.w.org\/{rel}","templated":true}]}}